w be 25/f*(-384)/(-30). Calculate the highest common factor of w and 20.
20
Suppose 3*f - 3*s - 6 = 0, -f - s = 2*s - 22. Calculate the greatest common divisor of f and 91.
7
Let x = -20 + 35. Let z(u) = 10*u**2 + 5. Let i = 1 - 5. Let l be z(i). Calculate the highest common divisor of x and l.
15
Suppose 11*k = 20*k - 144. Suppose 210 = 3*b - 30. Calculate the greatest common factor of b and k.
16
Suppose 0 = -6*p - p + 112. What is the greatest common divisor of 2 and p?
2
Let c be (-2 + (-24)/(-5))*10. Suppose -3*w - 4 = -4*w. Suppose -h - 4*n + 3 = w, 0 = h + n - 5. What is the highest common divisor of h and c?
7
Suppose 4*c - c = -p + 33, -4*c + 220 = 5*p. Let n be (44/(-10))/(5/25). Let k = n - -38. Calculate the greatest common factor of k and p.
16
Suppose -i + 25 = 6. Let d(l) be the first derivative of l**4/4 + l**3/3 - 4*l**2 + 5*l - 8. Let s be d(6). What is the highest common divisor of i and s?
19
Let g = 2 + 1. Let y = 0 - g. Let w be y/(-9) + (-89)/(-3). Calculate the greatest common divisor of w and 6.
6
Let h(d) = d + 7. Let x be h(11). Suppose -4*n + 63 = -201. Let z = n + 24. What is the greatest common factor of x and z?
18
Let z(v) = 2*v**2 - v. Let h be z(2). What is the greatest common factor of 18 and h?
6
Let g(d) = -d**2 - 12*d - 7. Let r be g(-11). Suppose 0 = -r*m - 15 + 43. What is the highest common factor of m and 14?
7
Let s be (216/45)/(6/340). What is the greatest common divisor of 16 and s?
16
Let y be (1 - 1*10)*-3. Let j be (3 - 6) + 13 + -1. Calculate the highest common divisor of j and y.
9
Suppose 0 = -l - 8*l + 72. Calculate the greatest common factor of 52 and l.
4
Suppose 5*q - 4*y - 1135 = -9*y, -2*q - 5*y = -442. Let d be 1 + (19 - -1) + 0. Calculate the highest common divisor of d and q.
21
Suppose 0*s + d = 3*s - 79, -3*d = -6. What is the highest common divisor of s and 72?
9
Let j = -4 - -4. Suppose 0 = -4*q - 2*z + 14 + 68, j = -q + 5*z + 15. Let a be ((-88)/3)/(2/(-15)). What is the greatest common divisor of a and q?
20
Let x = 110 + -72. Suppose 4*z - 218 = -x. What is the highest common factor of z and 9?
9
Suppose -6*v + 802 = -1772. What is the greatest common factor of v and 39?
39
Suppose 23 - 3 = 2*l. Suppose 0 = 5*r - r - 60. Calculate the greatest common factor of l and r.
5
Suppose 0*s + 3*s - 15 = 0. Calculate the highest common factor of s and 45.
5
Suppose -21*i + 22*i - 99 = 0. Calculate the highest common divisor of 11 and i.
11
Let v be (-1)/(-2)*-187*-2. Let f be (-620)/(-144)*4 + 2/(-9). Calculate the highest common divisor of f and v.
17
Let x = 26 + 3. Let z = 4 + x. Let s = 7 - 4. What is the highest common factor of z and s?
3
Let j = 31 - -18. Let p = 11 + -4. Suppose -4*w + p = -j. What is the greatest common factor of w and 2?
2
Suppose -5*r + 3*r + 16 = 3*u, -2*r + 3*u + 28 = 0. Suppose 1 = 5*j + r. Let f = j - -6. What is the greatest common divisor of f and 12?
4
Let m be ((-1)/2)/(2/(-12)). Let p(z) = 3*z**2 - 8*z + 4. Let h be p(m). What is the highest common factor of 1 and h?
1
Suppose 3*j - 240 = -0*j. Calculate the highest common divisor of j and 20.
20
Let q(y) = -y**2 - 3*y - 1. Let t be q(-2). Let a = 0 + t. What is the highest common factor of 5 and a?
1
Let n = 24 - 3. Calculate the highest common factor of 147 and n.
21
Let i = 25 + -14. Let n(k) = -k**2 + 27*k - 48. Let h be n(23). Calculate the highest common divisor of h and i.
11
Let x be 109/(-2) - (-9)/(-6). Let s = -30 - x. Calculate the greatest common divisor of 13 and s.
13
Let l be 22 + -3 - -4 - 6. What is the greatest common factor of 136 and l?
17
Let j = 3 - 0. Let f = j + 11. Calculate the highest common factor of f and 154.
14
Suppose -4*r = -3*v - 4, 4*v + 5 = -r - 13. Let m(t) = -39*t - 2. Let q be m(v). Calculate the greatest common divisor of 14 and q.
14
Suppose 21 = a + 5. Let d be (-2)/((-8)/3)*4. Suppose k + 17 = 4*p, 0 = 7*k - d*k + 4. Calculate the greatest common divisor of a and p.
4
Suppose -3*o = 2*z - 554, -3*o + 3*z = 2*o - 955. What is the highest common factor of 47 and o?
47
Let m(t) = 12*t + 2. Let r be m(5). Suppose 2*u - 78 = r. What is the greatest common divisor of 28 and u?
14
Suppose -a - 8 = -4*w - 1, 3*w - 4*a - 2 = 0. Suppose w*v - 30 = -3*v. What is the highest common divisor of v and 42?
6
Suppose 2*f = -0*f - 132. Let z = f - -96. What is the highest common divisor of z and 75?
15
Let x = -121 + 236. Calculate the highest common divisor of 46 and x.
23
Let x = -12 + 20. Let c = x - 2. What is the greatest common factor of c and 15?
3
Suppose -4*l = -69 + 21. Let f be 1/(-1 - l/(-9)). Calculate the highest common factor of 3 and f.
3
Let z be 2/(-7) - (-19)/(-7). Let r = z - -7. What is the highest common factor of r and 32?
4
Suppose 8*u + 2*u = 160. What is the greatest common divisor of u and 8?
8
Let n(y) be the second derivative of y**5/20 + 3*y**4/4 + 4*y**3/3 - 4*y**2 + y. Let c be n(-8). Let w = 1 - c. What is the highest common factor of 45 and w?
9
Let g(w) = 3*w - 1. Let n be g(1). Suppose -5*f - 3*t = 0, -3*f + n*t = -2*f. Suppose 2*l - 9 + 1 = f. Calculate the greatest common factor of l and 4.
4
Let l(n) = -33*n + 1. Let o be l(-2). Suppose 4*z + 217 + o = 0. Let u = z - -107. What is the highest common factor of u and 54?
18
Let d be (-15 + 0)*(0 + -1). Let w be 130/d*66/4. Suppose 60 = 3*f - 5*g + 21, 4*f + 3*g = 52. Calculate the greatest common factor of f and w.
13
Let n be 8*(-10)/(-6)*9. Calculate the greatest common divisor of n and 15.
15
Let g = 448 + -148. Suppose 7*w = 4*w + g. What is the highest common divisor of w and 10?
10
Suppose -297 = -3*p - 0*p. What is the highest common factor of p and 9?
9
Let i be (-5)/5 + -1 + 14. Calculate the greatest common divisor of i and 30.
6
Let u be -2 - -2*(-10)/4. Let w(i) = 0 - 2 - 3*i - 3 - 4. Let c be w(u). Calculate the greatest common divisor of c and 24.
12
Suppose 0*i + 2*i - 18 = 0. Let b = 4 + i. Suppose -2*r + 52 = -0*r. What is the greatest common factor of b and r?
13
Let q be 81/3*(-1)/(-3). What is the highest common factor of 9 and q?
9
Let l be 103/7 - (-6)/21. Calculate the highest common divisor of l and 45.
15
Suppose -3*n + 3*w = -170 - 124, -192 = -2*n + 4*w. Calculate the highest common divisor of 20 and n.
20
Suppose 3*u - 634 = -2*r, 4*r - 644 = 4*u - 7*u. Let y be u/14 + (-1)/(-7). Calculate the highest common factor of y and 120.
15
Suppose -q + 3*q - 104 = 0. Let y(l) = -l + 2. Let m be y(-3). Suppose 5*z = -3*g + 44, 2*z - 6*z + 69 = m*g. What is the greatest common divisor of g and q?
13
Suppose 5*j - 355 = -4*o - 81, j = -o + 55. What is the greatest common factor of j and 6?
6
Suppose f + 0 = 12. Suppose 2*b - 2 = b. Suppose 0 = -4*u + 16, 5*y + u - 112 = b*y. What is the greatest common factor of y and f?
12
Let b(n) = 2*n**2 - 4*n + 8. Let y be b(4). What is the greatest common factor of y and 8?
8
Let o = -9 - -12. Suppose 2*a + o = 3*a. Suppose -a*u = v - 130, -5*v - 76 = -2*u - 3*v. Calculate the greatest common divisor of u and 14.
14
Suppose -4*b = -94 - 222. Suppose -b + 387 = 2*v. Calculate the highest common factor of 14 and v.
14
Let n(o) be the third derivative of 53*o**4/8 + o**3/6 - 2*o**2. Let j be n(1). Let c = j - 90. What is the greatest common divisor of c and 14?
14
Suppose 4*p + 259 = 5*r, 0 = -r - 3*p - 2*p + 75. Suppose 3*l + 7 - 22 = 0. What is the highest common divisor of l and r?
5
Let s be 24*2/(-9)*-9. What is the greatest common divisor of 6 and s?
6
Let z be 29 + -2*(-1)/1. Suppose 0 = -3*t - v + z, 5*t - 7*v + 2*v - 45 = 0. Calculate the greatest common factor of t and 80.
10
Let g(y) = y**3 - 8*y**2 + y - 4. Let p be g(8). Let v = -8 + p. Let q = v + 5. Calculate the highest common factor of 3 and q.
1
Let s be -33 + -2 + 2 + 0. Let p = -21 - s. Let t be p/2 + (3 - 3). Calculate the greatest common divisor of t and 4.
2
Let r = -18 - -22. What is the highest common divisor of r and 2?
2
Let z be 1/(-2)*(-5 - 33). Let q be z - (-9)/(6/(-2)). Calculate the greatest common divisor of 144 and q.
16
Let p be (60/(-10))/(0 + -2) - 1. Suppose 4*j - 12 = -0*j. What is the greatest common divisor of p and j?
1
Let j = -13 + 16. Let o be (-2)/j + (-200)/(-12). What is the highest common divisor of 2 and o?
2
Let d be (1 + 5)/3 + 